9 is divided by 3190?
3189
Calculate the remainder when 1544713 is divided by 2632.
2361
What is the remainder when 668607 is divided by 2907?
2904
Calculate the remainder when 108300 is divided by 2607.
1413
What is the remainder when 5928786 is divided by 1272?
1266
Calculate the remainder when 1234829370 is divided by 4.
2
What is the remainder when 2804792 is divided by 33?
23
Calculate the remainder when 148427 is divided by 1404.
1007
What is the remainder when 3078002 is divided by 4979?
980
What is the remainder when 6524798 is divided by 1573?
1567
What is the remainder when 81696 is divided by 2812?
148
What is the remainder when 390297 is divided by 22954?
79
What is the remainder when 2375528 is divided by 310?
308
What is the remainder when 31980261 is divided by 45?
21
What is the remainder when 79328 is divided by 4174?
22
What is the remainder when 586068 is divided by 117?
15
What is the remainder when 9967901 is divided by 415?
16
Calculate the remainder when 6270869 is divided by 62087.
82
Calculate the remainder when 72261951 is divided by 1472.
1471
What is the remainder when 215376 is divided by 1033?
512
Calculate the remainder when 25238 is divided by 8395.
53
Calculate the remainder when 24669 is divided by 24608.
61
What is the remainder when 177005 is divided by 25251?
248
Calculate the remainder when 12581793 is divided by 12581782.
11
What is the remainder when 317620 is divided by 95?
35
Calculate the remainder when 8123476 is divided by 50.
26
What is the remainder when 573453 is divided by 3519?
3375
Calculate the remainder when 25887982 is divided by 158.
156
Calculate the remainder when 631480 is divided by 41914.
2770
Calculate the remainder when 1165421 is divided by 58271.
1
What is the remainder when 44959 is divided by 1130?
889
What is the remainder when 32028735 is divided by 661?
641
What is the remainder when 1030760 is divided by 128840?
40
Calculate the remainder when 92542 is divided by 477.
4
Calculate the remainder when 320809 is divided by 401.
9
Calculate the remainder when 2337220898 is divided by 3159.
3158
Calculate the remainder when 142765 is divided by 19834.
3927
Calculate the remainder when 310175039 is divided by 224.
223
What is the remainder when 33321 is divided by 11080?
81
What is the remainder when 2118500 is divided by 4804?
4740
What is the remainder when 102233 is divided by 11061?
2684
Calculate the remainder when 13515505 is divided by 12298.
3
Calculate the remainder when 879834 is divided by 323.
305
Calculate the remainder when 9095775 is divided by 95745.
0
Calculate the remainder when 6692 is divided by 280.
252
What is the remainder when 4134038 is divided by 4134032?
6
Calculate the remainder when 85530931 is divided by 21382697.
143
Calculate the remainder when 114794 is divided by 38212.
158
Calculate the remainder when 4283879 is divided by 279.
113
Calculate the remainder when 317245 is divided by 846.
841
What is the remainder when 3335996 is divided by 80?
76
What is the remainder when 53793002 is divided by 37?
34
Calculate the remainder when 11586203 is divided by 71.
68
Calculate the remainder when 499111 is divided by 4223.
797
Calculate the remainder when 294148000 is divided by 762.
760
Calculate the remainder when 169611 is divided by 1785.
36
What is the remainder when 110962600 is divided by 271?
24
Calculate the remainder when 836207 is divided by 21986.
739
Calculate the remainder when 7896251 is divided by 1974060.
11
What is the remainder when 18316 is divided by 1441?
1024
Calculate the remainder when 38477445 is divided by 398.
397
Calculate the remainder when 1281386 is divided by 2987.
2950
Calculate the remainder when 664085245 is divided by 270.
265
What is the remainder when 42395 is divided by 3771?
914
Calculate the remainder when 427878 is divided by 398.
28
Calculate the remainder when 693675 is divided by 1974.
801
Calculate the remainder when 62092 is divided by 2665.
797
What is the remainder when 153820 is divided by 1142?
792
Calculate the remainder when 519071 is divided by 1285.
1216
What is the remainder when 9106865 is divided by 64?
49
What is the remainder when 1189463 is divided by 2473?
2423
What is the remainder when 9285242 is divided by 48?
26
Calculate the remainder when 2055172 is divided by 288.
4
What is the remainder when 3109943 is divided by 100320?
23
Calculate the remainder when 39804725 is divided by 26.
25
What is the remainder when 2243286 is divided by 46735?
6
Calculate the remainder when 756257 is divided by 8692.
53
What is the remainder when 467684 is divided by 45?
44
What is the remainder when 15502 is divided by 815?
17
What is the remainder when 2009700 is divided by 8546?
1390
What is the remainder when 5109 is divided by 1037?
961
Calculate the remainder when 703175 is divided by 23374.
1955
What is the remainder when 319794 is divided by 1134?
6
Calculate the remainder when 22395417 is divided by 9.
6
What is the remainder when 2959702 is divided by 1479650?
402
Calculate the remainder when 6715 is divided by 6508.
207
Calculate the remainder when 71350333 is divided by 1337.
1328
What is the remainder when 682015359 is divided by 4160?
4159
Calculate the remainder when 351527 is divided by 26396.
8379
What is the remainder when 137351554 is divided by 7?
4
Calculate the remainder when 41863736 is divided by 82247.
13
What is the remainder when 225058 is divided by 313?
11
What is the remainder when 58553 is divided by 1104?
41
Calculate the remainder when 226599 is divided by 110.
109
Calculate the remainder when 9183 is divided by 574.
573
What is the remainder when 33911966 is divided by 16955978?
10
What is the remainder when 17567556 is divided by 210?
6
What is the remainder when 174720 is divided by 4486?
4252
What is the remainder when 46628 is divided by 3877?
104
Calculate the remainder when 74560 is divided by 2612.
1424
What is the remainder when 460084 is divided by 27059?
81
Calculate the remainder when 5140141 is divided by 5140097.
44
Calculate the remainder when 21104395 is divided by 7.
4
What is the remainder when 327705 is divided by 109170?
195
Calculate the remainder when 178183 is divided by 3857.
761
What is the remainder when 16984682 is divided by 1030?
1012
Calculate the remainder when 7788971 is divided by 3854.
37
Calculate the remainder when 16681950 is divided by 8.
6
What is the remainder when 1372802681 is divided by 449?
447
What is the remainder when 577209684 is divided by 18?
12
Calculate the remainder when 2295931 is divided by 317.
217
Calculate the remainder when 20403786 is divided by 12109.
121
Calculate the remainder when 2741435 is divided by 3966.
929
Calculate the remainder when 157208 is divided by 1014.
38
Calculate the remainder when 52515 is divided by 4352.
291
Calculate the remainder when 1844022 is divided by 58.
28
What is the remainder when 110681869 is divided by 2412?
13
What is the remainder when 12560656 is divided by 502426?
6
What is the remainder when 90295 is divided by 6019?
10
Calculate the remainder when 8546 is divided by 8412.
134
Calculate the remainder when 24441506 is divided by 39.
11
What is the remainder when 898268 is divided by 448894?
480
Calculate the remainder when 2752370 is divided by 7.
5
Calculate the remainder when 50684 is divided by 49803.
881
What is the remainder when 445857311 is divided by 12?
11
What is the remainder when 528421 is divided by 4985?
11
Calculate the remainder when 1546333 is divided by 166.
43
Calculate the remainder when 65760 is divided by 7294.
114
Calculate the remainder when 2741623 is divided by 290.
253
What is the remainder when 210299 is divided by 1036?
1027
What is the remainder when 342574 is divided by 507?
349
Calculate the remainder when 15377258 is divided by 11.
6
What is the remainder when 6548911 is divided by 3274449?
13
What is the remainder when 1939168 is divided by 6?
4
Calculate the remainder when 123637 is divided by 1903.
1845
Calculate the remainder when 221763 is divided by 6930.
3
Calculate the remainder when 192086 is divided by 94666.
2754
Calculate the remainder when 286071485 is divided by 8992.
8989
Calculate the remainder when 891043 is divided by 98701.